{"id":13,"date":"2026-01-04T08:22:28","date_gmt":"2026-01-04T11:22:28","guid":{"rendered":"https:\/\/legendei.net\/aplicativos\/?page_id=13"},"modified":"2026-01-04T08:22:28","modified_gmt":"2026-01-04T11:22:28","slug":"termos-de-uso","status":"publish","type":"page","link":"https:\/\/legendei.net\/aplicativos\/termos-de-uso\/","title":{"rendered":"Termos de Uso"},"content":{"rendered":"<p>Ao acessar o site <strong>Legendei \u2013 Aplicativos e Ferramentas para Windows<\/strong>, voc\u00ea concorda com os termos e condi\u00e7\u00f5es descritos abaixo.<\/p>\n<h2>Uso do conte\u00fado<\/h2>\n<p>O conte\u00fado disponibilizado neste site tem car\u00e1ter informativo. N\u00e3o garantimos resultados espec\u00edficos com o uso de aplicativos ou ferramentas mencionadas.<\/p>\n<h2>Downloads e links externos<\/h2>\n<p>O site n\u00e3o hospeda arquivos de software. Todos os downloads direcionam para sites oficiais ou fontes p\u00fablicas de terceiros.<\/p>\n<h2>Responsabilidade do usu\u00e1rio<\/h2>\n<p>O usu\u00e1rio \u00e9 respons\u00e1vel por verificar a seguran\u00e7a, legalidade e compatibilidade dos aplicativos antes de instalar qualquer software em seu dispositivo.<\/p>\n<h2>Direitos autorais<\/h2>\n<p>Marcas, logotipos, nomes de aplicativos e softwares citados pertencem aos seus respectivos propriet\u00e1rios.<\/p>\n<h2>Modifica\u00e7\u00f5es<\/h2>\n<p>Estes Termos de Uso podem ser alterados a qualquer momento, sem aviso pr\u00e9vio.<\/p>\n<p>Ao continuar utilizando o site, voc\u00ea concorda automaticamente com estes Termos de Uso.<\/p>\n","protected":false},"excerpt":{"rendered":"<p>Ao acessar o site Legendei \u2013 Aplicativos e Ferramentas para Windows, voc\u00ea concorda com os termos e condi\u00e7\u00f5es descritos abaixo. Uso do conte\u00fado O conte\u00fado disponibilizado neste site tem car\u00e1ter informativo. N\u00e3o garantimos resultados espec\u00edficos com o uso de aplicativos ou ferramentas mencionadas. Downloads e links externos O site n\u00e3o hospeda arquivos de software. Todos &#8230; <a title=\"Termos de Uso\" class=\"read-more\" href=\"https:\/\/legendei.net\/aplicativos\/termos-de-uso\/\" aria-label=\"Read more about Termos de Uso\">Ler mais<\/a><\/p>\n","protected":false},"author":1,"featured_media":0,"parent":0,"menu_order":0,"comment_status":"closed","ping_status":"closed","template":"","meta":{"footnotes":""},"class_list":["post-13","page","type-page","status-publish"],"_links":{"self":[{"href":"https:\/\/legendei.net\/aplicativos\/wp-json\/wp\/v2\/pages\/13","targetHints":{"allow":["GET"]}}],"collection":[{"href":"https:\/\/legendei.net\/aplicativos\/wp-json\/wp\/v2\/pages"}],"about":[{"href":"https:\/\/legendei.net\/aplicativos\/wp-json\/wp\/v2\/types\/page"}],"author":[{"embeddable":true,"href":"https:\/\/legendei.net\/aplicativos\/wp-json\/wp\/v2\/users\/1"}],"replies":[{"embeddable":true,"href":"https:\/\/legendei.net\/aplicativos\/wp-json\/wp\/v2\/comments?post=13"}],"version-history":[{"count":1,"href":"https:\/\/legendei.net\/aplicativos\/wp-json\/wp\/v2\/pages\/13\/revisions"}],"predecessor-version":[{"id":14,"href":"https:\/\/legendei.net\/aplicativos\/wp-json\/wp\/v2\/pages\/13\/revisions\/14"}],"wp:attachment":[{"href":"https:\/\/legendei.net\/aplicativos\/wp-json\/wp\/v2\/media?parent=13"}],"curies":[{"name":"wp","href":"https:\/\/api.w.org\/{rel}","templated":true}]}}